e m(5). Let j(n) = k*t(n) + 4*c(n). Let s be j(-8). Calculate p(s).
-3
Let r(q) be the first derivative of -q**4/4 + 8*q**3/3 - 5*q - 193. Calculate r(8).
-5
Let l(z) = 992*z**3 - 991*z**3 + z**2 - 9*z**2 - 5. Let i = 6 + -6. Suppose 8 + i = v. Calculate l(v).
-5
Let g = -28 + 31. Let p(n) = -9 - g*n + 6 + 2*n. Calculate p(-4).
1
Let b be 4/(-3)*(-6)/(-4) + 3. Suppose -4*s - 20 = 0, -4*a - 3*s = -8*s - 1. Let w(y) = -4*y. Let c(z) = 9*z. Let o(d) = a*c(d) - 14*w(d). What is o(b)?
2
Let s = 19 - 17. Let j(p) = 6*p + 3*p + 8 + p**2 + 0*p**s + 0*p**2. Let g = 3 + -9. Give j(g).
-10
Let j(h) be the third derivative of -h**6/120 + h**5/5 + 11*h**4/24 + 7*h**3/6 + 890*h**2. Give j(13).
-19
Let l = -13 - -8. Let h(q) = -6*q**2 - 3*q - 11. Let m(t) = -t - 18. Let p be m(-13). Let c(a) = 5*a**2 + 4*a + 10. Let i(g) = p*c(g) - 4*h(g). Determine i(l).
9
Suppose 14 = 4*q - 3*q - 5*z, 10 = 3*q + z. Let a be (6/q)/(6/8). Let l(r) = 3*r - a - 4*r + 0*r. What is l(0)?
-2
Suppose -5*v = -3*f + 2 - 0, -f + v = -2. Let l(q) be the first derivative of -2*q + 3 + 5 + 0 - f*q**2. What is l(2)?
-18
Let m be (-6 - 0 - -1)/1. Let i(j) = 7*j - 229 - 17*j**2 + 236 + 18*j**2. Calculate i(m).
-3
Suppose 5*w - 2*v + 4*v - 940 = 0, 0 = -w + 2*v + 176. Let a(f) = -2*f**3 - 188 + w - 3*f + 0*f**3 - 4*f**2. Determine a(-2).
4
Let z(q) be the third derivative of -q**6/120 - q**3/2 - q**2. Suppose 6*n = -6*n + 7*n - 18*n. Give z(n).
-3
Let m(v) be the third derivative of -v**5/10 + v**4/24 + v**3/2 - 88*v**2 - 2. Determine m(2).
-19
Let z(y) be the first derivative of -3*y**2/2 + 35*y - 499. Determine z(11).
2
Let z(c) = c**3 - 6*c**2 + 6*c + 3. Let b(w) = w**3 + 17*w**2 + 27*w - 2. Let q(i) = i**2 + i + 1. Let r(n) = -b(n) + 3*q(n). Let s be r(-12). Give z(s).
8
Let g(u) be the second derivative of -u**3/6 - 4*u**2 - 4*u - 6. Give g(-6).
-2
Let v(s) = -s - 2. Let z(t) = -t**2 + 9*t - 12. Suppose -2*y + 4*y - 8 = 0. Suppose y*i - 40 = -i. Let m be z(i). What is v(m)?
2
Let b(w) = -5*w + 3. Suppose 5*d - 15 = 0, u + u = -4*d + 28. Let v be 16/(-12)*(-18)/u. Determine b(v).
-12
Let v(a) = a**3 + 16*a**2 - 2*a - 30. Let y be v(-16). Suppose 4*h - 3*i = -6 - y, h + 5*i = -25. Let x(u) = u**2 + 5*u - 2. Calculate x(h).
-2
Let s(v) be the third derivative of 2/3*v**3 + 0*v + 1/120*v**6 + 1/10*v**5 + 0 + 8*v**2 + 7/24*v**4. What is s(-5)?
-6
Let i(f) = 5*f**2 + 2*f - 1. Suppose -27*u - 9 + 63 = 0. Give i(u).
23
Let f(t) = -37 + 116 - 5*t**2 + 2*t - 42 - 40 + 3*t**2 - 3*t**3. Determine f(2).
-31
Let u(n) = n**3 - 9*n**2 - n + 5. Let c = -6 - -8. Suppose 5*f + 45 = -5*w, c*w + 1 + 9 = 2*f. Let t(h) = -h**2 - 8*h + 2. Let q be t(w). Give u(q).
-4
Let u(q) = -2182 - 6*q + 3*q + 2185. Give u(-8).
27
Suppose 8*j = 7*j + 2. Let n(h) = -5 + 10*h**3 + 6 + 2*h - 14*h**3 + j*h**2. Determine n(-1).
5
Let k(f) = 8*f + 9*f - 1 - 33*f + 8*f. Give k(-3).
23
Let n(j) = j + 5. Suppose -6*d - 19 = -4*u - 79, 5*d - 2*u - 46 = 0. Determine n(d).
13
Let b(p) = 5*p + 1. Let t(m) = 9*m + 1. Let w(y) = -5*b(y) + 3*t(y). Let r(j) = -3*j - 27. Let i be r(-10). What is w(i)?
4
Let o(k) = 5*k**3 - 5*k**2 + 10*k - 5. Let z(w) = -4*w**3 + 5*w**2 - 8*w + 4. Let d(n) = 3*o(n) + 4*z(n). What is d(4)?
9
Suppose -29 = -5*h - 139. Let g = 24 + h. Let v(x) = 19*x - 2*x**g + 2*x**2 - 26*x + x**2. Calculate v(7).
0
Let z(a) = a**3 + a + 9. Suppose 0 = -530*r + 518*r. Give z(r).
9
Let u(a) be the third derivative of -1/60*a**5 + 28*a**2 + 0*a - 7/30*a**6 + 1/24*a**4 + 0 + 0*a**3. Determine u(1).
-28
Let y(u) be the third derivative of -u**4/8 + 145*u**2. Determine y(3).
-9
Let h(p) = -7*p + 91. Let w(d) = -13*d + 176. Let q(f) = -11*h(f) + 6*w(f). What is q(0)?
55
Let n(u) be the second derivative of u**4/3 + u**2/2 - 182*u. Give n(1).
5
Let s(m) be the second derivative of -m**3/6 - 7*m**2/2 + 3*m - 5. Let p(w) = -w**3 - 6*w**2 + 3*w + 12. Let r be p(-6). Give s(r).
-1
Let g(f) = f**3 - 9*f**2 + 2*f - 17. Suppose -19 = 5*y - 64. Let l be g(y). Let x(o) = o**3 + o**2 + o - 1. Give x(l).
2
Suppose 0*j = -2*j - 10. Let v(k) = 2*k**2 - 10*k + 1. Let d(p) = 3*p**2 - 15*p + 2. Let q(h) = j*d(h) + 7*v(h). Give q(4).
1
Let y(v) = -v**2 + 6*v - 8. Let g = -591 + 597. Determine y(g).
-8
Let q = 71 + -11. Suppose -3*i + q = 2*i. Let s(x) = -3 + i + 8*x - 8. What is s(-1)?
-7
Suppose -s = 3*p - 6, 13*p - 11*p = 3*s + 15. Let b(j) = -j**3 - 4*j - j**2 - j**2 - 2*j**2. Determine b(s).
3
Let d(c) = -2*c + 5. Suppose 2*m + 2*m - 12 = 0. Suppose 6*n - 162 = 2*n - 3*k, -2*n + m*k = -90. Suppose -h - n = -8*h. What is d(h)?
-7
Let k(x) = 2*x + 3. Let a = -10 + 19. Suppose 5*z = a*z - 8. Suppose 0 = -i - z*s + 14 - 5, -5*i + 5*s = -15. Calculate k(i).
13
Suppose 0 = -6*u + 12*u. Let g be 0/((4/(-4) + u)*1). Let t(p) = p**3 + 7. Let h(z) = -z**2 - z. Let c(y) = h(y) + t(y). Give c(g).
7
Let a(c) be the first derivative of c**6/120 + c**5/10 - 7*c**4/24 + 19*c**2/2 + 3. Let f(i) be the second derivative of a(i). What is f(-7)?
0
Suppose -2*z + 4 = -z. Let g(n) = -47 + 115 - 71 + n**3 - 3*n**2 - 3*n. Give g(z).
1
Let w(n) = 0 - 18*n**3 + 25*n**3 + 1. Let j(r) be the third derivative of r**4/24 - 5*r**3/3 - 5*r**2. Let q be j(9). Determine w(q).
-6
Let g = 3 + -5. Let m(u) = 246 - 495 + 250 + u. Determine m(g).
-1
Let p(a) be the third derivative of -a**4/12 + 2*a**3/3 - 3*a**2. Suppose 5*t + 3 + 2 = 3*f, -5*t - 3*f + 25 = 0. Suppose 3*d = t*d + 5. What is p(d)?
-6
Suppose 4*s + 4 = 5*s. Let m = 4 + 5. Let v(o) = -o - 10*o - 5 + s*o + m*o. What is v(6)?
7
Suppose -5 = 5*h, -9*f + 11*f - h = 11. Let w(b) = b**3 - 4*b**2 - 6*b - 4. Calculate w(f).
-9
Let w(x) = x - 2. Let g(q) = q - 3. Suppose 8*s = 6*s + 4. Let z(l) = s*g(l) - 3*w(l). Calculate z(-6).
6
Let o(q) = -33279 + 0*q - q + q**2 + 33301. Give o(0).
22
Let d(r) = r**2 - 8*r + 6. Suppose 4*s - 8 - 4 = 0. Let x = -11 - -389. Let b be (1/s)/(18/x). Determine d(b).
-1
Let u(g) = g**3 - 6*g**2 + 7*g - 2. Suppose 5*w - 12 = -2*c - 7, -4*c + w = -21. Calculate u(c).
8
Let r(o) be the second derivative of o**4/12 + o**3/6 + o - 81. Determine r(-2).
2
Let b(m) be the third derivative of 1/6*m**3 + 0 - 1/120*m**5 + 5/12*m**4 + 4*m**2 + 0*m. Let s(n) be the first derivative of b(n). Determine s(7).
3
Suppose -2*a = -a + 3*r - 5, 3*a + 3*r = -9. Let f(n) = n**2 + 10*n + 2. Give f(a).
-19
Let z be ((-8)/12)/((-1)/(-3)). Let c(l) be the second derivative of -l**5/20 - l**4/12 + l**3/2 + l**2 - 48*l. Determine c(z).
0
Suppose 3*u = 4*k - 38 + 114, 0 = -2*k + u - 36. Let a be (-4 + -6)*k/20. Let b(c) = c**3 - 7*c**2 - 6*c - 4. Give b(a).
12
Let s(p) = p - 2. Suppose 194*x = 191*x - 24. Let k(v) = -v**2 - 9*v - 2. Let c be k(x). Give s(c).
4
Let y = 35 - 33. Let m(t) = -t + t**y + 2 - 6*t + 3*t + t**2. Suppose 0*u + 2*u + 5*h = -16, -u - 14 = 4*h. What is m(u)?
2
Let c(j) = 5*j - 41. Let l be c(12). Suppose -3*v - l = 4*g, -8 = 6*v - 4*v + 5*g. Let r(p) = -p**2 - 9*p - 10. Determine r(v).
-10
Let b(g) be the second derivative of -g**3/3 + 3*g**2/2 - 4*g. Let x(o) = -o**3 + 36*o**2 + 4*o - 150. Let n be x(36). Give b(n).
15
Let a(m) = -m + 16. Suppose 0 = -q - 2*w + 17, w - 50 = -3*q - 4*w. Let r be a(q). Let f(t) = -3*t - 1. What is f(r)?
-4
Let p(a) be the second derivative of a**4/12 + 2*a**3/3 - 4*a**2 - 141*a. What is p(-6)?
4
Let r(a) = 3*a + 10. Let t = -2153 - -2149. Give r(t).
-2
Let w = -13 - -20. Let r be w/(-42) - (-5)/(-6). Let m(y) = 4*y**3 - y**2 + 1. Calculate m(r).
-4
Let o(f) be the second derivative of -f**7/840 - 7*f**6/360 - f**5/60 - f**4/3 + f**3/2 - 15*f. Let c(i) be the second derivative of o(i). What is c(-7)?
6
Suppose -80 = -22*b + 2*b. Let d(f) = f**3 - 2*f**2 + 5*f + 4. Calculate d(b).
56
Let k(i) = i**3 - 10*i**2 + 1. Suppose 5*j + 144 = 9*j. Let l be 96/j*15/4. Calculate k(l).
1
Let z(q) = 3*q - 4. Let w(v) = 16*v - 20. Let n(f) = w(f) - 5*z(f). What is n(-12)?
-12
Let z be 0/(-2) + (0 - 0). Suppose -9 = -h + 2*r - 0*r, z = h + 2*r + 3. Let s(t) be the third derivative of -t**4/12 - t**3/2 + t**2 - 26*t. What is s(h)?
-9
Let k(u) = 5*u + 10. Let b(t) = -t + 1. Let m(q) = 3*b(q) - k(q). Calculate m(-5).
33
Suppose -2*p - 29 = -3*g, -4*g - 2*p - 6 = -40. Let w(t) = -t + 9. Let v be w(g). Suppose -2*x = 2*d - 14, -2*x + 8 - 2 = v. Let a(z) = -z - 4. Determine a(d).
-8
Let d(r